ive j(z).
-6
Let g(y) be the third derivative of 2/15*y**5 - 1/3*y**4 + 8*y**2 - 1/120*y**6 + 3/2*y**3 + 0*y + 0. Calculate g(7).
2
Let h(n) = n**2 - 5*n - 8. Suppose 0 = 3*p - u - 11 - 0, 3*p + u = 7. Suppose -88 = -b - p*b. Suppose -5*q + 8 = -b. Determine h(q).
-2
Let z(i) = i**2 - 4*i + 10. Let g(b) = b. Let c(a) = -3*a**2 + 17*a - 29. Let w(r) = c(r) - 5*g(r). Let l(o) = -6*w(o) - 17*z(o). Calculate l(4).
4
Let h(l) = 5*l - 7. Let n(z) = 11*z - 15. Let g(m) = 9*h(m) - 4*n(m). Let j = -28 - -22. Let s be (j/(-8))/((-5)/40). What is g(s)?
-9
Let y(s) = -s**3 + 8*s**2 + s - 9. Let q = 258 + -250. Determine y(q).
-1
Let q(r) = 3*r - 11*r + 20 - 3*r**2 - 5*r - 2*r. Let l(o) = o**2 + 5*o - 7. Let i(u) = 17*l(u) + 6*q(u). Give i(-4).
5
Let g(j) = -j + 4. Let m = 141 + -138. Give g(m).
1
Let b(y) = 8*y - 2. Let s(g) = 7*g - 1. Let n(l) = -6*b(l) + 7*s(l). Let p be n(-6). Let x(u) = -5*u. Let w(m) = m + 1. Let d(c) = w(c) + x(c). Give d(p).
5
Let q(v) be the second derivative of v**4/12 - 7*v**3/6 + 2*v**2 - v - 45. Suppose -33 = -5*g - d, -g + d + 3 + 0 = 0. What is q(g)?
-2
Let o(l) = l + 2 - 2*l**3 + 3*l**3 - 2*l**2 - 5*l**2. Suppose 88*f + 280 = 128*f. Calculate o(f).
9
Let z be ((-3)/(-2))/(18/24). Let x(j) = 2*j**2 - j + 1. Calculate x(z).
7
Let c(d) = d**3 - 13*d**2 - 15*d + 8. Let j = 58 - 44. Calculate c(j).
-6
Let w(f) = -3*f - 1. Suppose 19*y - 15 = -91. Calculate w(y).
11
Let j(i) = -i**3 - 11*i**2 + 14*i - 4. Let l(o) = 6*o**3 + 54*o**2 - 71*o + 21. Let r(g) = -11*j(g) - 2*l(g). Determine r(12).
2
Suppose 3*y - 5*o + 2*o = 39, 5*y - 65 = -o. Suppose 0 = -2*h - 0*h + 10, 0 = -4*z + h - y. Let g(j) = j**3 + 2*j**2 - j - 2. What is g(z)?
0
Let f(c) = -c**3 + 7*c**2 - 5*c - 7. Let x = -21 + 21. Suppose -2*g + 10 = -x, 187 = 4*b + 3*g. Suppose 3*l - 15 = -5*z, 3*z - l - 4*l = b. Determine f(z).
-1
Let w(v) be the third derivative of -v**8/20160 + v**7/840 + v**6/240 - 7*v**5/60 + 15*v**2. Let k(a) be the third derivative of w(a). Determine k(5).
8
Let f(k) = -k**3 - 8*k**2 - 7*k + 11. Suppose 11*n - 78 = -155. Determine f(n).
11
Let f = -434 - -436. Let q(k) = -3*k**3 + 2*k - 3. What is q(f)?
-23
Let b(t) be the third derivative of -t**4/8 + 5*t**3/3 - 67*t**2. Determine b(5).
-5
Let c = -3 - -5. Let k(j) = -9*j + j - c + j + j**2. Calculate k(5).
-12
Let m be (-1 - -12) + 2 + -3. Let i(h) = h**2 - 10*h + 8 - 19 + m*h. Suppose 0 = 3*l - 2*l - 5*s - 5, 2 = -l - 2*s. Give i(l).
-11
Let r(a) = -2*a - 10. Let n = -421 + 429. Give r(n).
-26
Let q(v) = -49*v + 375. Let l be q(8). Let z(n) = -n**2 - 15*n + 10. Give z(l).
-24
Let w(u) = u + 1. Let a(m) be the third derivative of m**4/24 + m**3/6 + 34*m**2. Let b(v) = 3*a(v) - 4*w(v). Calculate b(7).
-8
Let z = 53 - 56. Let c(j) be the third derivative of j**4/12 - 9*j**2. Calculate c(z).
-6
Suppose -4*d = 4*b - 7*d - 1, 3*d = -3*b - 15. Let p be (-3 - b) + 0 + 0. Let n(x) = -2*x + 40*x**3 + 1 + 2*x - 39*x**3 + x. Determine n(p).
-1
Let k = 616 - 612. Let s(j) be the third derivative of -1/10*j**5 + 1/120*j**6 + 5/6*j**3 + 1/24*j**k + 2*j**2 + 0 + 0*j. Give s(6).
11
Let u(d) = -d**2 + 24 + 2*d**2 + 11*d + 21 - 40. Determine u(-8).
-19
Let p(j) = 49*j**2 + 4 - 5*j - 29*j**2 - 21*j**2. Give p(-5).
4
Let a(p) = -16*p + 84. Let d be a(5). Let r(h) = 3*h + 4. Determine r(d).
16
Let z(l) = 1559*l - 2 - l**3 - 1565*l - 4*l**2 - 2*l**2. Calculate z(-5).
3
Let v(c) = -3*c**2 - 12*c - 36 - 50 + 2*c**2 + 2*c**2 + 107. Determine v(8).
-11
Let l(f) = f**3 + f**2 - 3*f + 1. Suppose -4*v + 59 = v - 3*d, 49 = 4*v - 3*d. Let y = 3 + -1. Suppose 0 = -3*g - y*g + v. Calculate l(g).
7
Let i(z) be the second derivative of -z**4/12 - 5*z**3/6 - 12*z + 9. Calculate i(-3).
6
Let b(s) = -s**3 + s**2 - 10. Suppose -4*i + 2*m = i + 5773, -4*i - 4615 = -5*m. Let y be 2/(-11) - 15/(i/14). Determine b(y).
-10
Let h(f) = -129*f**2 + 8*f + 66*f**2 - 4 + 61*f**2. Calculate h(5).
-14
Let q(t) = -15*t**3 + 2*t + 2. Let d be q(-1). Let z(a) = -a**3 + 15*a**2 - 5. Determine z(d).
-5
Let q = -23 + 24. Let k(j) = j**2 + 1. What is k(q)?
2
Suppose -17 = -f + 15. Suppose -22 = 5*r - f. Let y(n) = -n**3 + 2*n**2. Determine y(r).
0
Let q(y) = 33 + 8*y - 12*y - 76 + 42. Determine q(-5).
19
Let t(g) = -g**2 + 6*g - 5. Let z be t(5). Let f(b) = 2 + 6 + 4 + b**2 - 3 - 2*b**2. Determine f(z).
9
Let v(q) = q + 8. Let o be v(-5). Suppose y + 3*j - 2 = j, 5*j - 11 = -4*y. Let t(c) = 5*c - 2 + 3*c - y*c. Determine t(o).
10
Let j(s) = -3*s + 3*s - 4 + s. Suppose -4*t + k = -k + 58, -t + 3 = -4*k. Let v = -23 - t. Calculate j(v).
-10
Let z(k) = 4 - 3 + k - 14*k - 2*k. Let v(h) = -2*h + h - 4 + 17. Let s be v(12). Calculate z(s).
-14
Let f(j) = j**2 - 6*j + 6. Let r(l) = 7 + 3*l**2 - 2*l - 9*l**2 + l**3 - 8 + 19. Let k be r(6). Give f(k).
6
Let c(a) = 7*a + 3. Let y = -241 + 239. What is c(y)?
-11
Let p be 6/15 - (-24)/15. Suppose p*i + 12 + 2 = 3*d, 4*d + 4 = -3*i. Let n(h) be the second derivative of -h**3/6 + h**2 - 7*h - 5. What is n(d)?
0
Suppose 0 = 2*y - y. Let z(t) = y + 5*t + 2 - t + 0*t. What is z(-2)?
-6
Suppose -z - 16 = -3*z. Let d(r) = z*r**3 + 5*r**3 - 12*r**3 + 5. Let a be d(0). Let p(k) = k**2 - 6*k + 3. Determine p(a).
-2
Let c(t) be the first derivative of t**2/2 + 11*t + 84. Determine c(0).
11
Let l(r) be the third derivative of r**6/60 - r**5/30 - r**3/2 - 302*r**2. Determine l(2).
5
Let o(s) = -713 + s**3 + 350 + 6*s**2 + 375 + s. What is o(-6)?
6
Suppose 5*y = -5 + 25. Let v(d) = d**3 + d. Let t(u) = -5*u**3 - 4*u**2 - 8*u + 6. Let c(z) = t(z) + 6*v(z). Determine c(y).
-2
Let h(o) = 2*o**2 - 6*o - 6. Let z = -10 + 10. Suppose -3*r + 6*r - 15 = z. Calculate h(r).
14
Let y(q) = -101*q + 16 + 99*q - 4. Calculate y(7).
-2
Let z = 628 - 628. Let n(c) be the first derivative of 1/4*c**4 - 7 + z*c - 4/3*c**3 - 1/2*c**2. Give n(4).
-4
Suppose 5*o + 3 + 6 = -i, 3*i = 2*o - 10. Let v(f) = -3*f**3 + 1. Give v(o).
4
Let v(w) = w**3 - 11*w**2 + w - 4. Let k = -433 - -444. Calculate v(k).
7
Let c(k) be the second derivative of k**5/20 - 2*k**4/3 + 3*k**3/2 - 5*k**2 - 52*k - 2. Give c(7).
4
Let u(l) = 5*l + 6. Let b(p) = 4*p + 6. Let h(y) = 3*b(y) - 2*u(y). Let r(i) = -6*i - 17. Let c(q) = 11*h(q) + 4*r(q). Calculate c(-2).
2
Suppose 3*k = -3*q + 12, -4*k + 52 - 20 = -4*q. Let g(l) be the third derivative of -l**6/120 + l**5/10 - l**4/24 + 5*l**3/6 + l**2. Calculate g(k).
-1
Let c(j) = -2*j - 11. Let t be c(-9). Let x = 0 + 2. Let h(w) = -4*w - x*w + 5 + 1 - t*w**2 - w**3 + 2*w. Calculate h(-6).
-6
Let d(m) = -2*m**2 + 1. Let x(g) = -8*g**2 - 7*g + 9. Let o(w) = -5*d(w) + x(w). Let f = -14 - -18. Give o(f).
8
Let q(n) = -29*n**3. Let h(f) = -30*f**3. Let t(o) = -2*h(o) + 3*q(o). Give t(1).
-27
Let m(h) be the second derivative of -h**7/630 + h**6/360 + h**5/120 - 2*h**4/3 + 5*h. Let u(p) be the third derivative of m(p). What is u(2)?
-11
Suppose -3*h + 3 = 0, -y = -h + 11 - 0. Let l(k) = 2*k**2 + 20*k - 2. Determine l(y).
-2
Let m(f) = -3*f - 3. Let j be m(-2). Let b(y) = 4*y**3 - y**2 + 4 - j*y**3 - 3*y**2 + y. Suppose 7 = 6*o - 11. Give b(o).
-2
Let n(l) = 31*l + 24*l + 21*l + 19*l + 1 - 107*l. Give n(1).
-11
Let r(m) = m + 10. Let o(q) = 10. Let c(g) = 2*o(g) - 3*r(g). Let v be c(-5). Let z(h) = -6*h + 3*h - 1 + 4*h. Calculate z(v).
4
Let k(d) = 3*d**2 - 10*d + 7. Let x(f) = 2*f**2 - 3*f + 1. Let b(h) = k(h) - 2*x(h). What is b(-6)?
-7
Let j = -23 + 15. Let h(o) be the first derivative of 5 + 7/2*o**2 + 1/3*o**3 - 2*o. Determine h(j).
6
Let l = -22 + 49. Let j be ((-9)/l)/((-2)/18). Let b(m) = 2*m**j + 3*m + m**2 - 1 + 1 - 6*m - 2. What is b(-2)?
-8
Let w(h) = -h**3 + h**2 + 2. Suppose 3 = x + 9. Let s be 3/(-1 + 7)*x. Let o be -2 + 9/s + 3. What is w(o)?
14
Let a be (8/16)/(1 - 7/6). Let l(m) = m**3 + 3*m**2 - m. Give l(a).
3
Let c(o) = -o**3 + 4*o**2 + o - 3. Suppose -6*b - 17 + 53 = 0. Suppose 3*u = -w - 5, 2*w - b = -u - 1. What is c(w)?
1
Let r(d) = -4*d - 2. Suppose -3 = -l + 2. Let n(s) = 9*s + 3. Let m(t) = l*r(t) + 2*n(t). What is m(-7)?
10
Let f be (-24)/21*56/(-16). Suppose 2*j + f*b - 26 = -b, 2*b = 2*j + 2. Let q(x) = -x + 5*x**2 - 4*x**2 - j*x**2 - 3*x**3. Calculate q(-1).
2
Let v(j) = -j**2 - 12*j + 4. Let h(r) = -224*r - 1356. Let g be h(-6). Determine v(g).
4
Let u(a) be the third derivative of a**5/60 + 7*a**4/24 + a**